List the prime factors of v.
2, 53
List the prime factors of ((-1055)/2)/(-1) - (-14)/28.
2, 3, 11
Let y be (1 + 0)*(48 - 3). Let p = y + 13. List the prime factors of p.
2, 29
Let k(j) = 3*j + 9*j**2 + 1 + 15*j**2 - 5*j + j. List the prime factors of k(1).
2, 3
Suppose 3*k - 36 = -0*k. Let g be 6/(-5)*90/k. List the prime factors of (3 + -1)/((-2)/g).
3
Let k(p) = -p**2 - 37*p - 4. What are the prime factors of k(-31)?
2, 7, 13
Let c(h) = -20*h - 12. Let x be 3/((-9)/(-5))*-3. List the prime factors of c(x).
2, 11
Suppose 0 = 2*h - h - 3. Suppose 4*w = h*x + 61, -4*x - 2*w - 22 = -2*x. List the prime factors of (-5)/(x/27) - -3.
2, 3
Let c = -17 + 15. Let g(p) = -p - 1. Let k be g(c). List the prime factors of (k/4)/(7/644).
23
Let j be (-3)/2 - (-4)/8. Let d be j + 955/10*2. Suppose g + 5*h - d = -2*g, -h = 1. List the prime factors of g.
5, 13
Let r(z) = 4*z**2 + 9*z + 13. List the prime factors of r(-9).
2
Suppose q - 563 = 5*a - a, 5*a = 3*q - 1724. What are the prime factors of q?
11, 53
Let u(h) = 27*h + 2. Let o be u(7). Let f = -132 + o. What are the prime factors of f?
59
Let p(o) = -15*o - 20. Let g(i) = 16*i + 19. Let y(w) = 3*g(w) + 2*p(w). What are the prime factors of y(4)?
89
Let p(m) = 2*m**2 + 5*m + 4. Suppose 5*t - 35 = -4*a - 3, -5*a = 10. Let u be 22/(-8) - 2/t. List the prime factors of p(u).
7
Suppose 4*a = -q + 316, -4*q - 8*a + 1264 = -9*a. List the prime factors of q.
2, 79
Suppose -2*p + 295 = -5*c, -4*c - 4*p - 99 = 109. Let a = -27 - c. List the prime factors of a.
2, 3, 5
Suppose -4*z + 8 = 32. Let s be 4/z - 332/(-3). Suppose s = 3*m + 2*m. What are the prime factors of m?
2, 11
Let b(r) be the second derivative of 0 + 1/2*r**2 + 0*r**3 + 5*r + 7/3*r**4. List the prime factors of b(-1).
29
Suppose -b = b - 4*b. Suppose 7*r - 232 - 349 = b. What are the prime factors of r?
83
Suppose 5 = 3*x + 8. Let y(w) = -193*w**3 + 3*w + 3. What are the prime factors of y(x)?
193
Let s(j) be the third derivative of -j**6/60 - j**5/30 - j**3/3 - 17*j**2. Let d(v) = -v**3 - 4*v**2 - 3*v - 2. Let k be d(-3). List the prime factors of s(k).
2, 3
Let s = 4 + 0. Suppose 6*v - 26 = s*v. Suppose v*t = 15*t - 24. What are the prime factors of t?
2, 3
Suppose 66 = -f + 71. Suppose 0*s = -f*s + 765. List the prime factors of s.
3, 17
Suppose 24*b - 28*b + 12 = 0. Suppose -b*w + 181 = -248. List the prime factors of w.
11, 13
Suppose 7*d - 8*d - 4*n = -270, 2*n = d - 264. What are the prime factors of d?
2, 7, 19
Let g(x) = 3*x + 25 - x - 3*x. Let z = 211 + -205. What are the prime factors of g(z)?
19
Suppose 73*j + 4308 = 77*j. List the prime factors of j.
3, 359
Let w(y) = -234*y + 718. List the prime factors of w(-17).
2, 587
Let b(a) = 4*a**3 - 17*a**2 + 50*a - 15. List the prime factors of b(8).
5, 269
Suppose 226 = -5*z + 3*z. Let l = z - -160. What are the prime factors of l?
47
Let a(l) = -l**2 - 4*l - 12. Let r be a(-7). Let g be (-2)/11 + 15636/r. What are the prime factors of 2/(-7) + g/(-42)?
11
Let s be ((-26)/(-8))/(1/4). Let y(a) = -12 + 84*a - 3*a**2 + 4*a**2 - 95*a. What are the prime factors of y(s)?
2, 7
Suppose -17*i = -24*i. Suppose -3*s + 178 + 101 = i. List the prime factors of s.
3, 31
Let b(m) = m**3 + 6*m**2 - 3*m - 4. Let c be b(-4). Let p = 87 - c. What are the prime factors of p?
47
Suppose 3*y - 87 = -36. Suppose -w = -4*g + 43 + y, 0 = -3*g + 3*w + 54. List the prime factors of g.
2, 7
Suppose -g = 4*t + 49 - 837, 4*t = 2*g + 800. List the prime factors of t.
2, 3, 11
Suppose 0 = -2*k + 10*n - 15*n + 2086, 5*k = -2*n + 5215. What are the prime factors of k?
7, 149
Let f = 3844 + -1876. List the prime factors of f.
2, 3, 41
Suppose -1010 = -3*y + 3*u + 4027, 3*u - 1687 = -y. List the prime factors of y.
41
Suppose -2*a = 8, 5*a + 257 = 5*s - 2*s. List the prime factors of s.
79
Let f be 7/(2 - 33/15). What are the prime factors of 4 - (f - 0 - 4)?
43
Suppose -3*f + 0*f + 3*x = 273, -4*x = 5*f + 446. Let b = 27 - f. Suppose 5*i + 27 = b. List the prime factors of i.
2, 3
Suppose -443 = -3*x + o, 434*x - 595 = 430*x - 3*o. What are the prime factors of x?
2, 37
Let q = 5 + 30. Suppose -m - q = -40. List the prime factors of m.
5
Suppose -3*n = -5*o + 468, 2*o - 189 = -0*n + 3*n. Let i = o - 4. What are the prime factors of i?
89
Suppose 9231 - 711 = 6*n. What are the prime factors of n?
2, 5, 71
Suppose -3*b + 4*d = -40, -4*b + 5 = 2*d - 19. Suppose -5*s + 2*g + b = 0, -2*g = -g - 1. What are the prime factors of s?
2
Suppose -24*u + 19*u + 745 = 0. Suppose 1309 - u = 10*j. List the prime factors of j.
2, 29
Let l = -33 - -32. List the prime factors of (1410/10)/(0 - l) - 3.
2, 3, 23
Let w(o) = -o**3 + 24*o**2 - 35. What are the prime factors of w(23)?
2, 13, 19
Let x(m) = m**2 + 7*m + 6. Let y be x(-6). Suppose y = 2*o + 3*o - 530. Let s = o - 76. What are the prime factors of s?
2, 3, 5
What are the prime factors of (4 + (-5155)/10)*-2?
3, 11, 31
Let f(i) be the third derivative of -i**6/120 - 7*i**5/60 + i**4/6 - 2*i**3/3 + 4*i**2. Let a be (-84)/10 - 8/(-20). What are the prime factors of f(a)?
2, 7
Let g(c) = -c**3 - 17*c**2 - 21*c + 5. Let d be g(-16). Let a = d + 14. What are the prime factors of a?
3, 11
Suppose -3*g = -4*f + 3760, -2*f + 2*g + 1911 - 31 = 0. What are the prime factors of f?
2, 5, 47
Suppose 0 = -11*t + 6*t + 2285. List the prime factors of t.
457
Let y be (2/6)/((-1)/(-3)). List the prime factors of y + -3 - (-26*1 - 0).
2, 3
Let h(l) = 3*l**2 + 2*l + 215. List the prime factors of h(0).
5, 43
Let a be -10*(2/3)/((-30)/18). List the prime factors of (1 - (0 - 2)) + a.
7
Let p(h) = -h**3 + 6*h**2 - 3*h - 7. Let u be p(4). Suppose s = 87 + u. Let i = 177 - s. List the prime factors of i.
7, 11
Let i(p) = -p**3 - 4*p**2 + 6*p + 6. Let w = -16 + 11. Let o be i(w). What are the prime factors of -3*o/((-6)/56)?
2, 7
What are the prime factors of (0 + 6*1)*3580/30?
2, 179
Let t = 2867 + -232. What are the prime factors of t?
5, 17, 31
Suppose 4*t - 271 = 169. Suppose -4*x + 910 - t = 0. List the prime factors of x.
2, 5
Suppose 0 = -0*n + 2*n - 66. Suppose f = 26 + n. What are the prime factors of f?
59
Let y be (-4 - -14)*3/(-6). Let o be 276/(-15) + (-2)/y. Let k(j) = -j**3 - 17*j**2 + 16*j - 23. What are the prime factors of k(o)?
13
Let y = 2524 + -1331. What are the prime factors of y?
1193
Suppose 0 = 29*p - 4*p - 31800. What are the prime factors of p?
2, 3, 53
Let j(l) = -l**3 + 10*l**2 + 1. Let s be j(10). Let d be 59*s + (-22)/(-11). Let q = d - 21. List the prime factors of q.
2, 5
Let i(d) = -18*d - 98. What are the prime factors of i(-23)?
2, 79
Let q(o) be the first derivative of -39*o**2/2 + 4*o + 9. List the prime factors of q(-1).
43
Let s(r) = -9*r - 8. Let z(k) = -10*k - 9. Let d(v) = 3*s(v) - 2*z(v). Let u be (15/(-20))/(((-28)/(-48))/7). What are the prime factors of d(u)?
3, 19
Let k(s) = -470*s - 282. What are the prime factors of k(-4)?
2, 17, 47
Let k(h) = -2*h**3 - 2*h**2 - 6*h - 5. Suppose z + 4*f + 9 = -3, 0 = -2*z - 3*f + 1. Suppose -z = g + c, -2*g + 7 - 3 = -2*c. List the prime factors of k(g).
7
Let c be ((-18)/(-15))/(3/10). Let h(a) = -2*a**3 - 3*a**2. Let w be h(-2). Suppose -m - w*z + 24 = 0, c*z - 70 = -4*m + z. What are the prime factors of m?
2
Let s(y) = y**2 - 5*y - 22. Let j(v) = -v + 23. Let w be j(15). List the prime factors of s(w).
2
Suppose 3 = 3*j + 9. Let r be j/4 + 28/8. Suppose v = 0, -5*v - 120 = -r*u - u. What are the prime factors of u?
2, 3, 5
Suppose 564 = -10*b + 14*b. Let m = -85 + b. What are the prime factors of m?
2, 7
Let w(p) = p - 7. Let n be w(4). Let s be 1 + (n - 2 - -1). Let a(x) = -x + 1. What are the prime factors of a(s)?
2
Let m(x) = -x**2 + 30. Let s = -50 - -50. What are the prime factors of m(s)?
2, 3, 5
List the prime factors of 1149 + (-6)/3 + 90/15.
1153
Suppose -200 = -9*x + 772. What are the prime factors of x?
2, 3
Let m be 3 + 1 - (14 + -16). Suppose 0 = 3*r - m, 94 = 4*i + 5*r - 12. Suppose -2*o + 2 = -i. What are the prime factors of o?
13
Let i = 1096 - 582. What are the prime factors of i?
2, 257
Let d = 11 + -9. Suppose -22 = -s + d. What are the prime factors of s?
2, 3
Let j(d) = 3*d - 21. Let t be j(10). Suppose -t*o = -84 - 690. What are the prime factors of o?
2, 43
Suppose -3*q = -0*q + d - 149, 